{"id":64,"date":"2026-01-25T00:08:23","date_gmt":"2026-01-24T23:08:23","guid":{"rendered":"https:\/\/squash-alice-and-coco.world\/?page_id=64"},"modified":"2026-03-10T19:34:35","modified_gmt":"2026-03-10T18:34:35","slug":"nous-soutenir","status":"publish","type":"page","link":"https:\/\/squash-alice-and-coco.world\/index.php\/nous-soutenir\/","title":{"rendered":"Nous soutenir"},"content":{"rendered":"\n<h2 class=\"wp-block-heading\">Comment soutenir Alice et Corentin ?<\/h2>\n\n\n\n<div class=\"wp-block-group\"><div class=\"wp-block-group__inner-container is-layout-constrained wp-block-group-is-layout-constrained\">\n<div class=\"wp-block-columns is-layout-flex wp-container-core-columns-is-layout-9d6595d7 wp-block-columns-is-layout-flex\">\n<div class=\"wp-block-column is-layout-flow wp-block-column-is-layout-flow\">\n<h4 class=\"wp-block-heading\">En finan\u00e7ant directement le projet<\/h4>\n\n\n\n<ul class=\"wp-block-list\">\n<li>par <strong><a style=\"color:rgb(0,0,0);text-decoration:none\" href=\"https:\/\/squash-alice-and-coco.world\/index.php\/https:\/\/squash-alice-and-coco.world\/index.php\/soutenir-le-projet-par-virement-bancaire\/\" data-type=\"page\" data-id=\"22\">virement bancaire<\/a> <\/strong>(europ\u00e9en)<\/li>\n\n\n\n<li>sur la plateforme de crowdfunding d\u00e9di\u00e9e <strong><a style=\"color:rgb(0,0,0);text-decoration:none\" href=\"https:\/\/www.gofundme.com\/f\/squash-alice-and-coco-crowdfunding\/\" target=\"_blank\">GoFundMe<\/a><\/strong><\/li>\n<\/ul>\n\n\n\n<h4 class=\"wp-block-heading\">En <em>ayant particip\u00e9 <\/em>\u00e0 la soir\u00e9e du 7 mars 2026<\/h4>\n\n\n\n<p class=\"has-text-align-center\">Au <strong><a href=\"https:\/\/www.squash22.be\/\" style=\"color:rgb(0,0,0);text-decoration:none\" target=\"_blank\">Squash 22<\/a><\/strong> \u00e0 Li\u00e8ge<\/p>\n\n\n\n<p><em>(C&rsquo;est fait, et bien fait, MERCI \u00e0 toutes et tous !)<\/em><\/p>\n\n\n\n<h4 class=\"wp-block-heading\">Par un sponsoring<\/h4>\n\n\n\n<p>Il existe des possibilit\u00e9s de sponsoring fiscalement d\u00e9ductible (pour les professionnels, pour ce projet et\/ou \u00e0 plus long terme) : t\u00e9l\u00e9chargez le dossier de Corentin (<strong><a style=\"color:rgb(0,0,0);text-decoration:none\" href=\"https:\/\/squash-alice-and-coco.world\/wp-content\/uploads\/2026\/02\/Dossier_sponsoring_Corentin_BONIVER_v20260209_FR.pdf\">en fran\u00e7ais<\/a><\/strong> &nbsp;&#8211;&nbsp; <strong><a style=\"color:rgb(0,0,0);text-decoration:none\" href=\"https:\/\/squash-alice-and-coco.world\/wp-content\/uploads\/2026\/02\/Dossier_sponsoring_Corentin_BONIVER_v20260209_EN.pdf\">in English<\/a><\/strong>) et bient\u00f4t le dossier d&rsquo;Alice.<\/p>\n\n\n\n<h4 class=\"wp-block-heading\">En achetant des goodies<\/h4>\n\n\n\n<p>Gourdes en inox, sacs en coton recycl\u00e9, badges&#8230; tant qu&rsquo;il en reste \ud83d\ude09 <br>Contactez Alice, Annabel ou Corentin, ou par mail \u00e0 l&rsquo;adresse <a style=\"color:rgb(0,0,0);text-decoration:none\" href=\"mailto:goodies@squash-alice-and-coco.world\"><strong>goodies@squash-alice-and-coco.world<\/strong><\/a><\/p>\n\n\n\n<div data-wp-context=\"{ &quot;autoclose&quot;: false, &quot;accordionItems&quot;: [] }\" data-wp-interactive=\"core\/accordion\" role=\"group\" class=\"wp-block-accordion is-layout-flow wp-block-accordion-is-layout-flow\">\n<div data-wp-class--is-open=\"state.isOpen\" data-wp-context=\"{ &quot;id&quot;: &quot;accordion-item-1&quot;, &quot;openByDefault&quot;: false }\" data-wp-init=\"callbacks.initAccordionItems\" data-wp-on-window--hashchange=\"callbacks.hashChange\" class=\"wp-block-accordion-item is-layout-flow wp-block-accordion-item-is-layout-flow\">\n<h3 class=\"wp-block-accordion-heading has-small-font-size\"><button aria-expanded=\"false\" aria-controls=\"accordion-item-1-panel\" data-wp-bind--aria-expanded=\"state.isOpen\" data-wp-on--click=\"actions.toggle\" data-wp-on--keydown=\"actions.handleKeyDown\" id=\"accordion-item-1\" type=\"button\" class=\"wp-block-accordion-heading__toggle\"><span class=\"wp-block-accordion-heading__toggle-title\">Les goodies de plus pr\u00e8s&#8230;<\/span><span class=\"wp-block-accordion-heading__toggle-icon\" aria-hidden=\"true\">+<\/span><\/button><\/h3>\n\n\n\n<div inert aria-labelledby=\"accordion-item-1\" data-wp-bind--inert=\"!state.isOpen\" id=\"accordion-item-1-panel\" role=\"region\" class=\"wp-block-accordion-panel is-layout-flow wp-block-accordion-panel-is-layout-flow\">\n<figure class=\"wp-block-image size-full\"><img loading=\"lazy\" decoding=\"async\" width=\"600\" height=\"849\" src=\"http:\/\/squash-alice-and-coco.world\/wp-content\/uploads\/2026\/01\/affiche_boutique_20260123_174539_0000_micro.png\" alt=\"\" class=\"wp-image-70\" srcset=\"https:\/\/squash-alice-and-coco.world\/wp-content\/uploads\/2026\/01\/affiche_boutique_20260123_174539_0000_micro.png 600w, https:\/\/squash-alice-and-coco.world\/wp-content\/uploads\/2026\/01\/affiche_boutique_20260123_174539_0000_micro-212x300.png 212w\" sizes=\"auto, (max-width: 600px) 100vw, 600px\" \/><\/figure>\n<\/div>\n<\/div>\n<\/div>\n<\/div>\n\n\n\n<div class=\"wp-block-column is-layout-flow wp-block-column-is-layout-flow\">\n<figure class=\"wp-block-image size-full\"><img loading=\"lazy\" decoding=\"async\" width=\"600\" height=\"849\" src=\"https:\/\/squash-alice-and-coco.world\/wp-content\/uploads\/2026\/02\/mondiaux_affiche-generale_micro.png\" alt=\"\" class=\"wp-image-243\" srcset=\"https:\/\/squash-alice-and-coco.world\/wp-content\/uploads\/2026\/02\/mondiaux_affiche-generale_micro.png 600w, https:\/\/squash-alice-and-coco.world\/wp-content\/uploads\/2026\/02\/mondiaux_affiche-generale_micro-212x300.png 212w\" sizes=\"auto, (max-width: 600px) 100vw, 600px\" \/><\/figure>\n<\/div>\n<\/div>\n<\/div><\/div>\n","protected":false},"excerpt":{"rendered":"<p>Comment soutenir Alice et Corentin ? En finan\u00e7ant directement le projet En ayant particip\u00e9 \u00e0 la soir\u00e9e du 7 mars 2026 Au Squash 22 \u00e0 Li\u00e8ge (C&rsquo;est fait, et bien fait, MERCI \u00e0 toutes et tous !) Par un sponsoring Il existe des possibilit\u00e9s de sponsoring fiscalement d\u00e9ductible (pour les professionnels, pour ce projet et\/ou&#8230;<\/p>\n","protected":false},"author":1,"featured_media":0,"parent":0,"menu_order":40,"comment_status":"closed","ping_status":"closed","template":"","meta":{"_kad_post_transparent":"","_kad_post_title":"","_kad_post_layout":"","_kad_post_sidebar_id":"","_kad_post_content_style":"","_kad_post_vertical_padding":"","_kad_post_feature":"","_kad_post_feature_position":"","_kad_post_header":false,"_kad_post_footer":false,"_kad_post_classname":"","footnotes":""},"class_list":["post-64","page","type-page","status-publish","hentry"],"_links":{"self":[{"href":"https:\/\/squash-alice-and-coco.world\/index.php\/wp-json\/wp\/v2\/pages\/64","targetHints":{"allow":["GET"]}}],"collection":[{"href":"https:\/\/squash-alice-and-coco.world\/index.php\/wp-json\/wp\/v2\/pages"}],"about":[{"href":"https:\/\/squash-alice-and-coco.world\/index.php\/wp-json\/wp\/v2\/types\/page"}],"author":[{"embeddable":true,"href":"https:\/\/squash-alice-and-coco.world\/index.php\/wp-json\/wp\/v2\/users\/1"}],"replies":[{"embeddable":true,"href":"https:\/\/squash-alice-and-coco.world\/index.php\/wp-json\/wp\/v2\/comments?post=64"}],"version-history":[{"count":70,"href":"https:\/\/squash-alice-and-coco.world\/index.php\/wp-json\/wp\/v2\/pages\/64\/revisions"}],"predecessor-version":[{"id":310,"href":"https:\/\/squash-alice-and-coco.world\/index.php\/wp-json\/wp\/v2\/pages\/64\/revisions\/310"}],"wp:attachment":[{"href":"https:\/\/squash-alice-and-coco.world\/index.php\/wp-json\/wp\/v2\/media?parent=64"}],"curies":[{"name":"wp","href":"https:\/\/api.w.org\/{rel}","templated":true}]}}